{"id":4581,"date":"2017-12-06T11:18:24","date_gmt":"2017-12-06T13:18:24","guid":{"rendered":"http:\/\/lappis.org.br\/site\/?p=4581"},"modified":"2018-01-09T16:41:10","modified_gmt":"2018-01-09T18:41:10","slug":"como-comprar","status":"publish","type":"page","link":"https:\/\/lappis.org.br\/site\/como-comprar","title":{"rendered":"Como Comprar"},"content":{"rendered":"<h3><span style=\"color: #000000;\"><img fetchpriority=\"high\" decoding=\"async\" data-attachment-id=\"4582\" data-permalink=\"https:\/\/lappis.org.br\/site\/como-comprar\/lappis-publicacoes_compra-abrasco-livros\" data-orig-file=\"https:\/\/lappis.org.br\/site\/wp-content\/uploads\/2017\/12\/Lappis-publicacoes_compra-ABRASCO-LIVROS.jpg\" data-orig-size=\"141,200\" data-comments-opened=\"0\" data-image-meta=\"{&quot;aperture&quot;:&quot;0&quot;,&quot;credit&quot;:&quot;&quot;,&quot;camera&quot;:&quot;&quot;,&quot;caption&quot;:&quot;&quot;,&quot;created_timestamp&quot;:&quot;0&quot;,&quot;copyright&quot;:&quot;&quot;,&quot;focal_length&quot;:&quot;0&quot;,&quot;iso&quot;:&quot;0&quot;,&quot;shutter_speed&quot;:&quot;0&quot;,&quot;title&quot;:&quot;&quot;,&quot;orientation&quot;:&quot;0&quot;}\" data-image-title=\"Lappis-publicacoes_compra-ABRASCO LIVROS\" data-image-description=\"\" data-image-caption=\"\" data-medium-file=\"https:\/\/lappis.org.br\/site\/wp-content\/uploads\/2017\/12\/Lappis-publicacoes_compra-ABRASCO-LIVROS.jpg\" data-large-file=\"https:\/\/lappis.org.br\/site\/wp-content\/uploads\/2017\/12\/Lappis-publicacoes_compra-ABRASCO-LIVROS.jpg\" class=\"alignright wp-image-4582\" src=\"http:\/\/lappis.org.br\/site\/wp-content\/uploads\/2017\/12\/Lappis-publicacoes_compra-ABRASCO-LIVROS.jpg\" alt=\"\" width=\"282\" height=\"400\" \/><\/span><\/h3>\n<h3><span style=\"color: #000000;\"><a style=\"color: #000000;\" href=\"http:\/\/www.abrascolivros.com.br\/\" target=\"_blank\" rel=\"noopener\">ABRASCO LIVROS<\/a><\/span><\/h3>\n<p><span style=\"color: #000000;\">Campus Fiocruz \u2013 Manguinhos (Pr\u00e9dio da Escola Nacional de Sa\u00fade P\u00fablica Sergio Arouca)<\/span><\/p>\n<p><span style=\"color: #000000;\">Endere\u00e7o: \u00a0Rua Leopoldo Bulh\u00f5es 1480 Sala 129, Manguinhos \u2013 Rio de Janeiro \u2013 CEP 21041-210<\/span><\/p>\n<p><span style=\"color: #000000;\">Telefone: \u00a021 2590-2073 \/ 2598-2526<\/span><\/p>\n<p><span style=\"color: #000000;\">E-mail\u00a0<span id=\"cloak44801e79ea6925368829dac53b679757\"><a style=\"color: #000000;\" href=\"mailto:livraria@abrasco.org.br\" target=\"_blank\" rel=\"noopener\">livraria@abrasco.org.br<\/a><\/span><\/span><\/p>\n<p><span style=\"color: #000000;\">Site\u00a0<a style=\"color: #000000;\" href=\"http:\/\/www.abrascolivros.com.br\/\" target=\"_blank\" rel=\"noopener\">www.abrascolivros.com.br<\/a><\/span><\/p>\n","protected":false},"excerpt":{"rendered":"<div class=\"mh-excerpt\"><p>ABRASCO LIVROS Campus Fiocruz \u2013 Manguinhos (Pr\u00e9dio da Escola Nacional de Sa\u00fade P\u00fablica Sergio Arouca) Endere\u00e7o: \u00a0Rua Leopoldo Bulh\u00f5es 1480 Sala 129, Manguinhos \u2013 Rio de Janeiro \u2013 CEP 21041-210 Telefone: \u00a021 2590-2073 \/ 2598-2526 <a class=\"mh-excerpt-more\" href=\"https:\/\/lappis.org.br\/site\/como-comprar\" title=\"Como Comprar\">[&#8230;]<\/a><\/p>\n<\/div>","protected":false},"author":4,"featured_media":4582,"parent":0,"menu_order":0,"comment_status":"closed","ping_status":"open","template":"","meta":{"_acf_changed":false,"_exactmetrics_skip_tracking":false,"_exactmetrics_sitenote_active":false,"_exactmetrics_sitenote_note":"","_exactmetrics_sitenote_category":0,"jetpack_post_was_ever_published":false,"footnotes":""},"class_list":["post-4581","page","type-page","status-publish","has-post-thumbnail"],"acf":[],"yoast_head":"<!-- This site is optimized with the Yoast SEO plugin v25.2 - https:\/\/yoast.com\/wordpress\/plugins\/seo\/ -->\n<title>Como Comprar - Lappis 25 anos<\/title>\n<meta name=\"robots\" content=\"index, follow, max-snippet:-1, max-image-preview:large, max-video-preview:-1\" \/>\n<link rel=\"canonical\" href=\"https:\/\/lappis.org.br\/site\/como-comprar\" \/>\n<meta property=\"og:locale\" content=\"pt_BR\" \/>\n<meta property=\"og:type\" content=\"article\" \/>\n<meta property=\"og:title\" content=\"Como Comprar - Lappis 25 anos\" \/>\n<meta property=\"og:description\" content=\"ABRASCO LIVROS Campus Fiocruz \u2013 Manguinhos (Pr\u00e9dio da Escola Nacional de Sa\u00fade P\u00fablica Sergio Arouca) Endere\u00e7o: \u00a0Rua Leopoldo Bulh\u00f5es 1480 Sala 129, Manguinhos \u2013 Rio de Janeiro \u2013 CEP 21041-210 Telefone: \u00a021 2590-2073 \/ 2598-2526 [...]\" \/>\n<meta property=\"og:url\" content=\"https:\/\/lappis.org.br\/site\/como-comprar\" \/>\n<meta property=\"og:site_name\" content=\"Lappis 25 anos\" \/>\n<meta property=\"article:modified_time\" content=\"2018-01-09T18:41:10+00:00\" \/>\n<meta property=\"og:image\" content=\"https:\/\/lappis.org.br\/site\/wp-content\/uploads\/2017\/12\/Lappis-publicacoes_compra-ABRASCO-LIVROS.jpg\" \/>\n\t<meta property=\"og:image:width\" content=\"141\" \/>\n\t<meta property=\"og:image:height\" content=\"200\" \/>\n\t<meta property=\"og:image:type\" content=\"image\/jpeg\" \/>\n<meta name=\"twitter:card\" content=\"summary_large_image\" \/>\n<script type=\"application\/ld+json\" class=\"yoast-schema-graph\">{\"@context\":\"https:\/\/schema.org\",\"@graph\":[{\"@type\":\"WebPage\",\"@id\":\"https:\/\/lappis.org.br\/site\/como-comprar\",\"url\":\"https:\/\/lappis.org.br\/site\/como-comprar\",\"name\":\"Como Comprar - Lappis 25 anos\",\"isPartOf\":{\"@id\":\"https:\/\/lappis.org.br\/site\/#website\"},\"primaryImageOfPage\":{\"@id\":\"https:\/\/lappis.org.br\/site\/como-comprar#primaryimage\"},\"image\":{\"@id\":\"https:\/\/lappis.org.br\/site\/como-comprar#primaryimage\"},\"thumbnailUrl\":\"https:\/\/lappis.org.br\/site\/wp-content\/uploads\/2017\/12\/Lappis-publicacoes_compra-ABRASCO-LIVROS.jpg\",\"datePublished\":\"2017-12-06T13:18:24+00:00\",\"dateModified\":\"2018-01-09T18:41:10+00:00\",\"breadcrumb\":{\"@id\":\"https:\/\/lappis.org.br\/site\/como-comprar#breadcrumb\"},\"inLanguage\":\"pt-BR\",\"potentialAction\":[{\"@type\":\"ReadAction\",\"target\":[\"https:\/\/lappis.org.br\/site\/como-comprar\"]}]},{\"@type\":\"ImageObject\",\"inLanguage\":\"pt-BR\",\"@id\":\"https:\/\/lappis.org.br\/site\/como-comprar#primaryimage\",\"url\":\"https:\/\/lappis.org.br\/site\/wp-content\/uploads\/2017\/12\/Lappis-publicacoes_compra-ABRASCO-LIVROS.jpg\",\"contentUrl\":\"https:\/\/lappis.org.br\/site\/wp-content\/uploads\/2017\/12\/Lappis-publicacoes_compra-ABRASCO-LIVROS.jpg\",\"width\":141,\"height\":200},{\"@type\":\"BreadcrumbList\",\"@id\":\"https:\/\/lappis.org.br\/site\/como-comprar#breadcrumb\",\"itemListElement\":[{\"@type\":\"ListItem\",\"position\":1,\"name\":\"In\u00edcio\",\"item\":\"https:\/\/lappis.org.br\/site\/\"},{\"@type\":\"ListItem\",\"position\":2,\"name\":\"Como Comprar\"}]},{\"@type\":\"WebSite\",\"@id\":\"https:\/\/lappis.org.br\/site\/#website\",\"url\":\"https:\/\/lappis.org.br\/site\/\",\"name\":\"Lappis 25 anos\",\"description\":\"Labotat\u00f3rio de Pesquisas sobre Pr\u00e1ticas de Integralidade em Sa\u00fade\",\"publisher\":{\"@id\":\"https:\/\/lappis.org.br\/site\/#organization\"},\"potentialAction\":[{\"@type\":\"SearchAction\",\"target\":{\"@type\":\"EntryPoint\",\"urlTemplate\":\"https:\/\/lappis.org.br\/site\/?s={search_term_string}\"},\"query-input\":{\"@type\":\"PropertyValueSpecification\",\"valueRequired\":true,\"valueName\":\"search_term_string\"}}],\"inLanguage\":\"pt-BR\"},{\"@type\":\"Organization\",\"@id\":\"https:\/\/lappis.org.br\/site\/#organization\",\"name\":\"Lappis 25 anos\",\"url\":\"https:\/\/lappis.org.br\/site\/\",\"logo\":{\"@type\":\"ImageObject\",\"inLanguage\":\"pt-BR\",\"@id\":\"https:\/\/lappis.org.br\/site\/#\/schema\/logo\/image\/\",\"url\":\"https:\/\/lappis.org.br\/site\/wp-content\/uploads\/2025\/03\/logo-lappis25anos.png\",\"contentUrl\":\"https:\/\/lappis.org.br\/site\/wp-content\/uploads\/2025\/03\/logo-lappis25anos.png\",\"width\":388,\"height\":146,\"caption\":\"Lappis 25 anos\"},\"image\":{\"@id\":\"https:\/\/lappis.org.br\/site\/#\/schema\/logo\/image\/\"}}]}<\/script>\n<!-- \/ Yoast SEO plugin. -->","yoast_head_json":{"title":"Como Comprar - Lappis 25 anos","robots":{"index":"index","follow":"follow","max-snippet":"max-snippet:-1","max-image-preview":"max-image-preview:large","max-video-preview":"max-video-preview:-1"},"canonical":"https:\/\/lappis.org.br\/site\/como-comprar","og_locale":"pt_BR","og_type":"article","og_title":"Como Comprar - Lappis 25 anos","og_description":"ABRASCO LIVROS Campus Fiocruz \u2013 Manguinhos (Pr\u00e9dio da Escola Nacional de Sa\u00fade P\u00fablica Sergio Arouca) Endere\u00e7o: \u00a0Rua Leopoldo Bulh\u00f5es 1480 Sala 129, Manguinhos \u2013 Rio de Janeiro \u2013 CEP 21041-210 Telefone: \u00a021 2590-2073 \/ 2598-2526 [...]","og_url":"https:\/\/lappis.org.br\/site\/como-comprar","og_site_name":"Lappis 25 anos","article_modified_time":"2018-01-09T18:41:10+00:00","og_image":[{"width":141,"height":200,"url":"https:\/\/lappis.org.br\/site\/wp-content\/uploads\/2017\/12\/Lappis-publicacoes_compra-ABRASCO-LIVROS.jpg","type":"image\/jpeg"}],"twitter_card":"summary_large_image","schema":{"@context":"https:\/\/schema.org","@graph":[{"@type":"WebPage","@id":"https:\/\/lappis.org.br\/site\/como-comprar","url":"https:\/\/lappis.org.br\/site\/como-comprar","name":"Como Comprar - Lappis 25 anos","isPartOf":{"@id":"https:\/\/lappis.org.br\/site\/#website"},"primaryImageOfPage":{"@id":"https:\/\/lappis.org.br\/site\/como-comprar#primaryimage"},"image":{"@id":"https:\/\/lappis.org.br\/site\/como-comprar#primaryimage"},"thumbnailUrl":"https:\/\/lappis.org.br\/site\/wp-content\/uploads\/2017\/12\/Lappis-publicacoes_compra-ABRASCO-LIVROS.jpg","datePublished":"2017-12-06T13:18:24+00:00","dateModified":"2018-01-09T18:41:10+00:00","breadcrumb":{"@id":"https:\/\/lappis.org.br\/site\/como-comprar#breadcrumb"},"inLanguage":"pt-BR","potentialAction":[{"@type":"ReadAction","target":["https:\/\/lappis.org.br\/site\/como-comprar"]}]},{"@type":"ImageObject","inLanguage":"pt-BR","@id":"https:\/\/lappis.org.br\/site\/como-comprar#primaryimage","url":"https:\/\/lappis.org.br\/site\/wp-content\/uploads\/2017\/12\/Lappis-publicacoes_compra-ABRASCO-LIVROS.jpg","contentUrl":"https:\/\/lappis.org.br\/site\/wp-content\/uploads\/2017\/12\/Lappis-publicacoes_compra-ABRASCO-LIVROS.jpg","width":141,"height":200},{"@type":"BreadcrumbList","@id":"https:\/\/lappis.org.br\/site\/como-comprar#breadcrumb","itemListElement":[{"@type":"ListItem","position":1,"name":"In\u00edcio","item":"https:\/\/lappis.org.br\/site\/"},{"@type":"ListItem","position":2,"name":"Como Comprar"}]},{"@type":"WebSite","@id":"https:\/\/lappis.org.br\/site\/#website","url":"https:\/\/lappis.org.br\/site\/","name":"Lappis 25 anos","description":"Labotat\u00f3rio de Pesquisas sobre Pr\u00e1ticas de Integralidade em Sa\u00fade","publisher":{"@id":"https:\/\/lappis.org.br\/site\/#organization"},"potentialAction":[{"@type":"SearchAction","target":{"@type":"EntryPoint","urlTemplate":"https:\/\/lappis.org.br\/site\/?s={search_term_string}"},"query-input":{"@type":"PropertyValueSpecification","valueRequired":true,"valueName":"search_term_string"}}],"inLanguage":"pt-BR"},{"@type":"Organization","@id":"https:\/\/lappis.org.br\/site\/#organization","name":"Lappis 25 anos","url":"https:\/\/lappis.org.br\/site\/","logo":{"@type":"ImageObject","inLanguage":"pt-BR","@id":"https:\/\/lappis.org.br\/site\/#\/schema\/logo\/image\/","url":"https:\/\/lappis.org.br\/site\/wp-content\/uploads\/2025\/03\/logo-lappis25anos.png","contentUrl":"https:\/\/lappis.org.br\/site\/wp-content\/uploads\/2025\/03\/logo-lappis25anos.png","width":388,"height":146,"caption":"Lappis 25 anos"},"image":{"@id":"https:\/\/lappis.org.br\/site\/#\/schema\/logo\/image\/"}}]}},"jetpack_shortlink":"https:\/\/wp.me\/P954Nh-1bT","jetpack_sharing_enabled":true,"_links":{"self":[{"href":"https:\/\/lappis.org.br\/site\/wp-json\/wp\/v2\/pages\/4581"}],"collection":[{"href":"https:\/\/lappis.org.br\/site\/wp-json\/wp\/v2\/pages"}],"about":[{"href":"https:\/\/lappis.org.br\/site\/wp-json\/wp\/v2\/types\/page"}],"author":[{"embeddable":true,"href":"https:\/\/lappis.org.br\/site\/wp-json\/wp\/v2\/users\/4"}],"replies":[{"embeddable":true,"href":"https:\/\/lappis.org.br\/site\/wp-json\/wp\/v2\/comments?post=4581"}],"version-history":[{"count":6,"href":"https:\/\/lappis.org.br\/site\/wp-json\/wp\/v2\/pages\/4581\/revisions"}],"predecessor-version":[{"id":5140,"href":"https:\/\/lappis.org.br\/site\/wp-json\/wp\/v2\/pages\/4581\/revisions\/5140"}],"wp:featuredmedia":[{"embeddable":true,"href":"https:\/\/lappis.org.br\/site\/wp-json\/wp\/v2\/media\/4582"}],"wp:attachment":[{"href":"https:\/\/lappis.org.br\/site\/wp-json\/wp\/v2\/media?parent=4581"}],"curies":[{"name":"wp","href":"https:\/\/api.w.org\/{rel}","templated":true}]}}