{"id":2873,"date":"2014-04-26T19:58:48","date_gmt":"2014-04-26T22:58:48","guid":{"rendered":"http:\/\/lappis.org.br\/site\/2014\/04\/26\/descritor-integralidade-em-saude\/"},"modified":"2018-04-05T18:05:25","modified_gmt":"2018-04-05T21:05:25","slug":"conceito-de-integralidade-em-saude","status":"publish","type":"page","link":"https:\/\/lappis.org.br\/site\/conceito-de-integralidade-em-saude","title":{"rendered":"Conceito de Integralidade em Sa\u00fade"},"content":{"rendered":"<p><img decoding=\"async\" data-attachment-id=\"495\" data-permalink=\"https:\/\/lappis.org.br\/site\/conceito-de-integralidade-em-saude\/attachment-davinci_justificativa\" data-orig-file=\"https:\/\/lappis.org.br\/site\/wp-content\/uploads\/2011\/10\/davinci_justificativa.jpg\" data-orig-size=\"179,250\" data-comments-opened=\"1\" data-image-meta=\"{&quot;aperture&quot;:&quot;0&quot;,&quot;credit&quot;:&quot;&quot;,&quot;camera&quot;:&quot;&quot;,&quot;caption&quot;:&quot;&quot;,&quot;created_timestamp&quot;:&quot;0&quot;,&quot;copyright&quot;:&quot;&quot;,&quot;focal_length&quot;:&quot;0&quot;,&quot;iso&quot;:&quot;0&quot;,&quot;shutter_speed&quot;:&quot;0&quot;,&quot;title&quot;:&quot;&quot;,&quot;orientation&quot;:&quot;0&quot;}\" data-image-title=\"davinci_justificativa\" data-image-description=\"\" data-image-caption=\"\" data-medium-file=\"https:\/\/lappis.org.br\/site\/wp-content\/uploads\/2011\/10\/davinci_justificativa.jpg\" data-large-file=\"https:\/\/lappis.org.br\/site\/wp-content\/uploads\/2011\/10\/davinci_justificativa.jpg\" class=\"size-full wp-image-495 alignleft\" src=\"http:\/\/lappis.org.br\/site\/wp-content\/uploads\/2011\/10\/davinci_justificativa.jpg\" alt=\"davinci_justificativa\" width=\"179\" height=\"250\" \/>Muitos sentidos se combinam e se conflitam na forma\u00e7\u00e3o da ideia de Integralidade, entretanto, o seu significado n\u00e3o se pode recusar de reconhecer que \u00e9 o cuidado como valor. Pelo aspecto legal, trata-se de um dos princ\u00edpios do Sistema \u00danico de Sa\u00fade \u2013 SUS, previsto na Lei Org\u00e2nica da Sa\u00fade.<\/p>\n<p>Quando, no Brasil, as discuss\u00f5es da sa\u00fade se deslocaram da observa\u00e7\u00e3o da pr\u00e1tica m\u00e9dica para uma reestrutura\u00e7\u00e3o do sistema, Integralidade passou a ser pensada como o pr\u00f3prio vi\u00e9s da mudan\u00e7a. Com a Reforma Sanit\u00e1ria Brasileira, a aten\u00e7\u00e3o integral se tornou uma das diretrizes do SUS. Talvez a principal delas.<\/p>\n<p>Incorporada ao sistema como princ\u00edpio, a no\u00e7\u00e3o de Integralidade est\u00e1 presente em v\u00e1rios n\u00edveis das discuss\u00f5es e das pr\u00e1ticas na \u00e1rea da sa\u00fade. Ela passa pela reorganiza\u00e7\u00e3o dos servi\u00e7os de sa\u00fade, pelos conhecimentos e a\u00e7\u00f5es dos profissionais isoladamente e em equipe, pelas rela\u00e7\u00f5es dessas equipes com a rede de servi\u00e7os como um todo e pela forma\u00e7\u00e3o permanente dos profissionais na sa\u00fade.<\/p>\n<p>O imperativo categ\u00f3rico do principio da Integralidade consiste na reafirma\u00e7\u00e3o do Direito \u00e0 Sa\u00fade, como direito humano ao cuidado, com a centralidade no usu\u00e1rio e de sua participa\u00e7\u00e3o no projeto terap\u00eautico a ele destinado e por um desenho coletivo de sistema preparado para ouvir, entender e, a partir da\u00ed, atender \u00e0s demandas e necessidades das pessoas.<\/p>\n<p>O trabalho do LAPPIS, ao longo de seu amadurecimento como grupo de pesquisa em seus 18 anos de exist\u00eancia, tem sido propor formas alternativas de se compreender e agir em rela\u00e7\u00e3o \u00e0 Integralidade. O conceito de Integralidade defendido pelo grupo n\u00e3o se fecha em modelos ideais, mas, ao contr\u00e1rio, abre espa\u00e7o para sua natureza poliss\u00eamica e polif\u00f4nica. Por outro lado, se permanecer indefinida e ampla como vem sobrevivendo, a Integralidade pode significar tudo e, portanto, se desvincula do seu foco: integra\u00e7\u00e3o e integridade de pensamentos e pr\u00e1ticas. Resulta da\u00ed o esfor\u00e7o do LAPPIS de buscar metodologias para construir um conceito operat\u00f3rio para a ideia de aten\u00e7\u00e3o integral, uma defini\u00e7\u00e3o constru\u00edda a partir das pr\u00e1ticas e das rela\u00e7\u00f5es, na qual as pessoas, as institui\u00e7\u00f5es e os servi\u00e7os possam se reconhecer.<\/p>\n<p>Escuta, cuidado, acolhimento, tratamento digno e respeitoso s\u00e3o algumas id\u00e9ias que certamente participam dos sentidos e signos da Integralidade. Olhar o ser humano como um todo, substituir o foco na doen\u00e7a pela aten\u00e7\u00e3o \u00e0 pessoa, com sua hist\u00f3ria de vida e seu modo pr\u00f3prio de viver e adoecer s\u00e3o outras perspectivas. Reconhecer e lidar com diferentes saberes, com a diversidade de demandas e a pluralidade de seus sujeitos, requer que se abra m\u00e3o de modelos pr\u00e9-estabelecidos e se dispor a discutir e experimentar os alcances e limites do que pode ser a Integralidade torna-se tamb\u00e9m um caminho prof\u00edcuo. A Integralidade poderia ser encarada exatamente como a pr\u00f3pria travessia desse caminho que se sustenta na garantia do Sistema \u00danico de Sa\u00fade (SUS) e pelo Estado democr\u00e1tico de direitos.<\/p>\n<p>&nbsp;<\/p>\n<h3><strong>Sobre a Indexa\u00e7\u00e3o<\/strong><\/h3>\n<p><strong>Integralidade em Sa\u00fade<\/strong><\/p>\n<p>Descritor em espanhol: Integralidad en Salud<\/p>\n<p>Descritor em ingl\u00eas: Integrality in health<\/p>\n<p>Categoria: SP.001.034<\/p>\n<p>Defini\u00e7\u00e3o:\u00a0<em>\u201cPrinc\u00edpio fundamental de sistemas p\u00fablicos de sa\u00fade que garante ao cidad\u00e3o o direito de ser atendido desde a preven\u00e7\u00e3o de doen\u00e7as at\u00e9 o mais dif\u00edcil tratamento de uma patologia, n\u00e3o excluindo nenhuma doen\u00e7a, com prioridade para atividades preventivas e sem preju\u00edzo dos servi\u00e7os assistenciais. A integralidade sup\u00f5e um cuidado \u00e0 sa\u00fade e uma gest\u00e3o setorial que reconhe\u00e7a a autonomia e a diversidade cultural e social das pessoas e das popula\u00e7\u00f5es. \u201c<\/em><\/p>\n<p>Relacionados Portugu\u00eas:<\/p>\n<ul>\n<li>Assist\u00eancia Integral \u00e0 Sa\u00fade<\/li>\n<li>Educa\u00e7\u00e3o em Sa\u00fade<\/li>\n<li>Promo\u00e7\u00e3o da Sa\u00fade<\/li>\n<li>Humaniza\u00e7\u00e3o da Assist\u00eancia<\/li>\n<li>Equipe de Assist\u00eancia ao Paciente<\/li>\n<\/ul>\n<p>N\u00famero do Registro: 55475<\/p>\n<p>&nbsp;<\/p>\n<p><strong>DeCS \u2013 Descritores em Ci\u00eancias da Sa\u00fade \u2013 do que se trata?<\/strong><\/p>\n<p>Trata-se do vocabul\u00e1rio estruturado e tril\u00edngue que foi criado em 1982 pela BIREME \u2013 Centro Latino-Americano e do Caribe de Informa\u00e7\u00e3o em Ci\u00eancias da Sa\u00fade \u2013 para uso na indexa\u00e7\u00e3o de artigos de revistas cient\u00edficas, livros, anais de congressos, relat\u00f3rios t\u00e9cnicos, e outros tipos de materiais, assim como para ser usado na pesquisa e recupera\u00e7\u00e3o de assuntos da literatura cient\u00edfica nas bases de dados LILACS, MEDLINE e outras. Na BVS, Biblioteca Virtual em Sa\u00fade, o DeCS \u00e9 a ferramenta que permite a navega\u00e7\u00e3o entre registros e fontes de informa\u00e7\u00e3o atrav\u00e9s de conceitos controlados e organizados em portugu\u00eas, espanhol e ingl\u00eas.<\/p>\n<p>Foi desenvolvido a partir do MeSH \u2013 Medical Subject Headings da NLM \u2013 U.S. National Library of Medicine \u2013 com o objetivo de permitir o uso de terminologia comum para pesquisa em tr\u00eas idiomas, proporcionando um meio consistente e \u00fanico para a recupera\u00e7\u00e3o de informa\u00e7\u00e3o independentemente do idioma. Al\u00e9m dos termos m\u00e9dicos originais do MeSH foram desenvolvidas as \u00e1reas espec\u00edficas de Ci\u00eancia e Sa\u00fade (2005), Homeopatia (1991), Sa\u00fade P\u00fablica (1987) e Vigil\u00e2ncia Sanit\u00e1ria (2005).<\/p>\n<p>Os conceitos que comp\u00f5em o DeCS s\u00e3o organizados em uma estrutura hier\u00e1rquica permitindo a execu\u00e7\u00e3o de pesquisa em termos mais amplos ou mais espec\u00edficos ou todos os termos que perten\u00e7am a uma mesma estrutura hier\u00e1rquica.<\/p>\n<p>Tem como finalidade principal servir como uma linguagem \u00fanica para indexa\u00e7\u00e3o e recupera\u00e7\u00e3o da informa\u00e7\u00e3o entre os componentes do Sistema Latino-Americano e do Caribe de Informa\u00e7\u00e3o em Ci\u00eancias da Sa\u00fade1 , coordenado pela BIREME, e que abrange 37 pa\u00edses na Am\u00e9rica Latina e no Caribe, permitindo um di\u00e1logo uniforme entre cerca de 600 bibliotecas.<\/p>\n<p>Participa no projeto de desenvolvimento de terminologia \u00fanica e rede sem\u00e2ntica em sa\u00fade, UMLS \u2013 Unified Medical Language System da NLM com a responsabilidade da atualiza\u00e7\u00e3o e envio dos termos MeSH em portugu\u00eas e espanhol.<\/p>\n","protected":false},"excerpt":{"rendered":"<div class=\"mh-excerpt\"><p>Muitos sentidos se combinam e se conflitam na forma\u00e7\u00e3o da ideia de Integralidade, entretanto, o seu significado n\u00e3o se pode recusar de reconhecer que \u00e9 o cuidado como valor. Pelo aspecto legal, trata-se de um <a class=\"mh-excerpt-more\" href=\"https:\/\/lappis.org.br\/site\/conceito-de-integralidade-em-saude\" title=\"Conceito de Integralidade em Sa\u00fade\">[&#8230;]<\/a><\/p>\n<\/div>","protected":false},"author":1,"featured_media":0,"parent":0,"menu_order":1,"comment_status":"closed","ping_status":"closed","template":"","meta":{"_acf_changed":false,"_exactmetrics_skip_tracking":false,"_exactmetrics_sitenote_active":false,"_exactmetrics_sitenote_note":"","_exactmetrics_sitenote_category":0,"jetpack_post_was_ever_published":false,"footnotes":""},"class_list":["post-2873","page","type-page","status-publish"],"acf":[],"yoast_head":"<!-- This site is optimized with the Yoast SEO plugin v25.2 - https:\/\/yoast.com\/wordpress\/plugins\/seo\/ -->\n<title>Conceito de Integralidade em Sa\u00fade - Lappis 25 anos<\/title>\n<meta name=\"robots\" content=\"index, follow, max-snippet:-1, max-image-preview:large, max-video-preview:-1\" \/>\n<link rel=\"canonical\" href=\"https:\/\/lappis.org.br\/site\/conceito-de-integralidade-em-saude\" \/>\n<meta property=\"og:locale\" content=\"pt_BR\" \/>\n<meta property=\"og:type\" content=\"article\" \/>\n<meta property=\"og:title\" content=\"Conceito de Integralidade em Sa\u00fade - Lappis 25 anos\" \/>\n<meta property=\"og:description\" content=\"Muitos sentidos se combinam e se conflitam na forma\u00e7\u00e3o da ideia de Integralidade, entretanto, o seu significado n\u00e3o se pode recusar de reconhecer que \u00e9 o cuidado como valor. Pelo aspecto legal, trata-se de um [...]\" \/>\n<meta property=\"og:url\" content=\"https:\/\/lappis.org.br\/site\/conceito-de-integralidade-em-saude\" \/>\n<meta property=\"og:site_name\" content=\"Lappis 25 anos\" \/>\n<meta property=\"article:modified_time\" content=\"2018-04-05T21:05:25+00:00\" \/>\n<meta property=\"og:image\" content=\"http:\/\/lappis.org.br\/site\/wp-content\/uploads\/2011\/10\/davinci_justificativa.jpg\" \/>\n<meta name=\"twitter:card\" content=\"summary_large_image\" \/>\n<meta name=\"twitter:label1\" content=\"Est. tempo de leitura\" \/>\n\t<meta name=\"twitter:data1\" content=\"5 minutos\" \/>\n<script type=\"application\/ld+json\" class=\"yoast-schema-graph\">{\"@context\":\"https:\/\/schema.org\",\"@graph\":[{\"@type\":\"WebPage\",\"@id\":\"https:\/\/lappis.org.br\/site\/conceito-de-integralidade-em-saude\",\"url\":\"https:\/\/lappis.org.br\/site\/conceito-de-integralidade-em-saude\",\"name\":\"Conceito de Integralidade em Sa\u00fade - Lappis 25 anos\",\"isPartOf\":{\"@id\":\"https:\/\/lappis.org.br\/site\/#website\"},\"primaryImageOfPage\":{\"@id\":\"https:\/\/lappis.org.br\/site\/conceito-de-integralidade-em-saude#primaryimage\"},\"image\":{\"@id\":\"https:\/\/lappis.org.br\/site\/conceito-de-integralidade-em-saude#primaryimage\"},\"thumbnailUrl\":\"http:\/\/lappis.org.br\/site\/wp-content\/uploads\/2011\/10\/davinci_justificativa.jpg\",\"datePublished\":\"2014-04-26T22:58:48+00:00\",\"dateModified\":\"2018-04-05T21:05:25+00:00\",\"breadcrumb\":{\"@id\":\"https:\/\/lappis.org.br\/site\/conceito-de-integralidade-em-saude#breadcrumb\"},\"inLanguage\":\"pt-BR\",\"potentialAction\":[{\"@type\":\"ReadAction\",\"target\":[\"https:\/\/lappis.org.br\/site\/conceito-de-integralidade-em-saude\"]}]},{\"@type\":\"ImageObject\",\"inLanguage\":\"pt-BR\",\"@id\":\"https:\/\/lappis.org.br\/site\/conceito-de-integralidade-em-saude#primaryimage\",\"url\":\"http:\/\/lappis.org.br\/site\/wp-content\/uploads\/2011\/10\/davinci_justificativa.jpg\",\"contentUrl\":\"http:\/\/lappis.org.br\/site\/wp-content\/uploads\/2011\/10\/davinci_justificativa.jpg\"},{\"@type\":\"BreadcrumbList\",\"@id\":\"https:\/\/lappis.org.br\/site\/conceito-de-integralidade-em-saude#breadcrumb\",\"itemListElement\":[{\"@type\":\"ListItem\",\"position\":1,\"name\":\"In\u00edcio\",\"item\":\"https:\/\/lappis.org.br\/site\/\"},{\"@type\":\"ListItem\",\"position\":2,\"name\":\"Conceito de Integralidade em Sa\u00fade\"}]},{\"@type\":\"WebSite\",\"@id\":\"https:\/\/lappis.org.br\/site\/#website\",\"url\":\"https:\/\/lappis.org.br\/site\/\",\"name\":\"Lappis 25 anos\",\"description\":\"Labotat\u00f3rio de Pesquisas sobre Pr\u00e1ticas de Integralidade em Sa\u00fade\",\"publisher\":{\"@id\":\"https:\/\/lappis.org.br\/site\/#organization\"},\"potentialAction\":[{\"@type\":\"SearchAction\",\"target\":{\"@type\":\"EntryPoint\",\"urlTemplate\":\"https:\/\/lappis.org.br\/site\/?s={search_term_string}\"},\"query-input\":{\"@type\":\"PropertyValueSpecification\",\"valueRequired\":true,\"valueName\":\"search_term_string\"}}],\"inLanguage\":\"pt-BR\"},{\"@type\":\"Organization\",\"@id\":\"https:\/\/lappis.org.br\/site\/#organization\",\"name\":\"Lappis 25 anos\",\"url\":\"https:\/\/lappis.org.br\/site\/\",\"logo\":{\"@type\":\"ImageObject\",\"inLanguage\":\"pt-BR\",\"@id\":\"https:\/\/lappis.org.br\/site\/#\/schema\/logo\/image\/\",\"url\":\"https:\/\/lappis.org.br\/site\/wp-content\/uploads\/2025\/03\/logo-lappis25anos.png\",\"contentUrl\":\"https:\/\/lappis.org.br\/site\/wp-content\/uploads\/2025\/03\/logo-lappis25anos.png\",\"width\":388,\"height\":146,\"caption\":\"Lappis 25 anos\"},\"image\":{\"@id\":\"https:\/\/lappis.org.br\/site\/#\/schema\/logo\/image\/\"}}]}<\/script>\n<!-- \/ Yoast SEO plugin. -->","yoast_head_json":{"title":"Conceito de Integralidade em Sa\u00fade - Lappis 25 anos","robots":{"index":"index","follow":"follow","max-snippet":"max-snippet:-1","max-image-preview":"max-image-preview:large","max-video-preview":"max-video-preview:-1"},"canonical":"https:\/\/lappis.org.br\/site\/conceito-de-integralidade-em-saude","og_locale":"pt_BR","og_type":"article","og_title":"Conceito de Integralidade em Sa\u00fade - Lappis 25 anos","og_description":"Muitos sentidos se combinam e se conflitam na forma\u00e7\u00e3o da ideia de Integralidade, entretanto, o seu significado n\u00e3o se pode recusar de reconhecer que \u00e9 o cuidado como valor. Pelo aspecto legal, trata-se de um [...]","og_url":"https:\/\/lappis.org.br\/site\/conceito-de-integralidade-em-saude","og_site_name":"Lappis 25 anos","article_modified_time":"2018-04-05T21:05:25+00:00","og_image":[{"url":"http:\/\/lappis.org.br\/site\/wp-content\/uploads\/2011\/10\/davinci_justificativa.jpg","type":"","width":"","height":""}],"twitter_card":"summary_large_image","twitter_misc":{"Est. tempo de leitura":"5 minutos"},"schema":{"@context":"https:\/\/schema.org","@graph":[{"@type":"WebPage","@id":"https:\/\/lappis.org.br\/site\/conceito-de-integralidade-em-saude","url":"https:\/\/lappis.org.br\/site\/conceito-de-integralidade-em-saude","name":"Conceito de Integralidade em Sa\u00fade - Lappis 25 anos","isPartOf":{"@id":"https:\/\/lappis.org.br\/site\/#website"},"primaryImageOfPage":{"@id":"https:\/\/lappis.org.br\/site\/conceito-de-integralidade-em-saude#primaryimage"},"image":{"@id":"https:\/\/lappis.org.br\/site\/conceito-de-integralidade-em-saude#primaryimage"},"thumbnailUrl":"http:\/\/lappis.org.br\/site\/wp-content\/uploads\/2011\/10\/davinci_justificativa.jpg","datePublished":"2014-04-26T22:58:48+00:00","dateModified":"2018-04-05T21:05:25+00:00","breadcrumb":{"@id":"https:\/\/lappis.org.br\/site\/conceito-de-integralidade-em-saude#breadcrumb"},"inLanguage":"pt-BR","potentialAction":[{"@type":"ReadAction","target":["https:\/\/lappis.org.br\/site\/conceito-de-integralidade-em-saude"]}]},{"@type":"ImageObject","inLanguage":"pt-BR","@id":"https:\/\/lappis.org.br\/site\/conceito-de-integralidade-em-saude#primaryimage","url":"http:\/\/lappis.org.br\/site\/wp-content\/uploads\/2011\/10\/davinci_justificativa.jpg","contentUrl":"http:\/\/lappis.org.br\/site\/wp-content\/uploads\/2011\/10\/davinci_justificativa.jpg"},{"@type":"BreadcrumbList","@id":"https:\/\/lappis.org.br\/site\/conceito-de-integralidade-em-saude#breadcrumb","itemListElement":[{"@type":"ListItem","position":1,"name":"In\u00edcio","item":"https:\/\/lappis.org.br\/site\/"},{"@type":"ListItem","position":2,"name":"Conceito de Integralidade em Sa\u00fade"}]},{"@type":"WebSite","@id":"https:\/\/lappis.org.br\/site\/#website","url":"https:\/\/lappis.org.br\/site\/","name":"Lappis 25 anos","description":"Labotat\u00f3rio de Pesquisas sobre Pr\u00e1ticas de Integralidade em Sa\u00fade","publisher":{"@id":"https:\/\/lappis.org.br\/site\/#organization"},"potentialAction":[{"@type":"SearchAction","target":{"@type":"EntryPoint","urlTemplate":"https:\/\/lappis.org.br\/site\/?s={search_term_string}"},"query-input":{"@type":"PropertyValueSpecification","valueRequired":true,"valueName":"search_term_string"}}],"inLanguage":"pt-BR"},{"@type":"Organization","@id":"https:\/\/lappis.org.br\/site\/#organization","name":"Lappis 25 anos","url":"https:\/\/lappis.org.br\/site\/","logo":{"@type":"ImageObject","inLanguage":"pt-BR","@id":"https:\/\/lappis.org.br\/site\/#\/schema\/logo\/image\/","url":"https:\/\/lappis.org.br\/site\/wp-content\/uploads\/2025\/03\/logo-lappis25anos.png","contentUrl":"https:\/\/lappis.org.br\/site\/wp-content\/uploads\/2025\/03\/logo-lappis25anos.png","width":388,"height":146,"caption":"Lappis 25 anos"},"image":{"@id":"https:\/\/lappis.org.br\/site\/#\/schema\/logo\/image\/"}}]}},"jetpack_shortlink":"https:\/\/wp.me\/P954Nh-Kl","jetpack_sharing_enabled":true,"_links":{"self":[{"href":"https:\/\/lappis.org.br\/site\/wp-json\/wp\/v2\/pages\/2873"}],"collection":[{"href":"https:\/\/lappis.org.br\/site\/wp-json\/wp\/v2\/pages"}],"about":[{"href":"https:\/\/lappis.org.br\/site\/wp-json\/wp\/v2\/types\/page"}],"author":[{"embeddable":true,"href":"https:\/\/lappis.org.br\/site\/wp-json\/wp\/v2\/users\/1"}],"replies":[{"embeddable":true,"href":"https:\/\/lappis.org.br\/site\/wp-json\/wp\/v2\/comments?post=2873"}],"version-history":[{"count":9,"href":"https:\/\/lappis.org.br\/site\/wp-json\/wp\/v2\/pages\/2873\/revisions"}],"predecessor-version":[{"id":6069,"href":"https:\/\/lappis.org.br\/site\/wp-json\/wp\/v2\/pages\/2873\/revisions\/6069"}],"wp:attachment":[{"href":"https:\/\/lappis.org.br\/site\/wp-json\/wp\/v2\/media?parent=2873"}],"curies":[{"name":"wp","href":"https:\/\/api.w.org\/{rel}","templated":true}]}}