{"version":"1.0","provider_name":"Lappis 25 anos","provider_url":"https:\/\/lappis.org.br\/site","author_name":"fw2","author_url":"https:\/\/lappis.org.br\/site\/author\/fw2","title":"XII Semin\u00e1rio: forma\u00e7\u00e3o, humaniza\u00e7\u00e3o e cuidado em debate - Lappis 25 anos","type":"rich","width":600,"height":338,"html":"<blockquote class=\"wp-embedded-content\" data-secret=\"qn45iKWmzQ\"><a href=\"https:\/\/lappis.org.br\/site\/xii-seminario-formacao-humanizacao-e-cuidado-em-debate\/1035\">XII Semin\u00e1rio: forma\u00e7\u00e3o, humaniza\u00e7\u00e3o e cuidado em debate<\/a><\/blockquote><iframe sandbox=\"allow-scripts\" security=\"restricted\" src=\"https:\/\/lappis.org.br\/site\/xii-seminario-formacao-humanizacao-e-cuidado-em-debate\/1035\/embed#?secret=qn45iKWmzQ\" width=\"600\" height=\"338\" title=\"&#8220;XII Semin\u00e1rio: forma\u00e7\u00e3o, humaniza\u00e7\u00e3o e cuidado em debate&#8221; &#8212; Lappis 25 anos\" data-secret=\"qn45iKWmzQ\" frameborder=\"0\" marginwidth=\"0\" marginheight=\"0\" scrolling=\"no\" class=\"wp-embedded-content\"><\/iframe><script type=\"text\/javascript\">\n\/* <![CDATA[ *\/\n\/*! This file is auto-generated *\/\n!function(d,l){\"use strict\";l.querySelector&&d.addEventListener&&\"undefined\"!=typeof URL&&(d.wp=d.wp||{},d.wp.receiveEmbedMessage||(d.wp.receiveEmbedMessage=function(e){var t=e.data;if((t||t.secret||t.message||t.value)&&!\/[^a-zA-Z0-9]\/.test(t.secret)){for(var s,r,n,a=l.querySelectorAll('iframe[data-secret=\"'+t.secret+'\"]'),o=l.querySelectorAll('blockquote[data-secret=\"'+t.secret+'\"]'),c=new RegExp(\"^https?:$\",\"i\"),i=0;i<o.length;i++)o[i].style.display=\"none\";for(i=0;i<a.length;i++)s=a[i],e.source===s.contentWindow&&(s.removeAttribute(\"style\"),\"height\"===t.message?(1e3<(r=parseInt(t.value,10))?r=1e3:~~r<200&&(r=200),s.height=r):\"link\"===t.message&&(r=new URL(s.getAttribute(\"src\")),n=new URL(t.value),c.test(n.protocol))&&n.host===r.host&&l.activeElement===s&&(d.top.location.href=t.value))}},d.addEventListener(\"message\",d.wp.receiveEmbedMessage,!1),l.addEventListener(\"DOMContentLoaded\",function(){for(var e,t,s=l.querySelectorAll(\"iframe.wp-embedded-content\"),r=0;r<s.length;r++)(t=(e=s[r]).getAttribute(\"data-secret\"))||(t=Math.random().toString(36).substring(2,12),e.src+=\"#?secret=\"+t,e.setAttribute(\"data-secret\",t)),e.contentWindow.postMessage({message:\"ready\",secret:t},\"*\")},!1)))}(window,document);\n\/* ]]> *\/\n<\/script>\n","thumbnail_url":"https:\/\/lappis.org.br\/site\/wp-content\/uploads\/2012\/07\/ana_auler.JPG","thumbnail_width":467,"thumbnail_height":350,"description":"A mesa-redonda &ldquo;Humaniza&ccedil;&atilde;o e Educa&ccedil;&atilde;o Permanente no SUS: itiner&aacute;rios formativos do agir &eacute;tico-pol&iacute;tico no cuidado na sa&uacute;de&rdquo;, que acontece durante o XII Semin&aacute;rio da Integralidade, em agosto, no Acre, vai reunir Ana Heckert (Psicologia\/UFES), Luciana Lustosa (SMS\/Juazeiro), Julio M&uuml;ller (ISC\/UFMT), Douglas Angel (SMS\/Rio Branco) e Ana Auller (Lappis-IMS\/UERJ). Confira a entrevista que pesquisadora Ana Auler (foto) concedeu ao BoletIN sobre o assunto."}

XII Seminário: formação, humanização e cuidado em debate - Lappis 25 anos

<blockquote class="wp-embedded-content" data-secret="qn45iKWmzQ"><a href="https://lappis.org.br/site/xii-seminario-formacao-humanizacao-e-cuidado-em-debate/1035">XII Seminário: formação, humanização e cuidado em debate</a></blockquote><iframe sandbox="allow-scripts" security="restricted" src="https://lappis.org.br/site/xii-seminario-formacao-humanizacao-e-cuidado-em-debate/1035/embed#?secret=qn45iKWmzQ" width="600" height="338" title="&#8220;XII Seminário: formação, humanização e cuidado em debate&#8221; &#8212; Lappis 25 anos" data-secret="qn45iKWmzQ" frameborder="0" marginwidth="0" marginheight="0" scrolling="no" class="wp-embedded-content"></iframe><script type="text/javascript">
/* <![CDATA[ */
/*! This file is auto-generated */
!function(d,l){"use strict";l.querySelector&&d.addEventListener&&"undefined"!=typeof URL&&(d.wp=d.wp||{},d.wp.receiveEmbedMessage||(d.wp.receiveEmbedMessage=function(e){var t=e.data;if((t||t.secret||t.message||t.value)&&!/[^a-zA-Z0-9]/.test(t.secret)){for(var s,r,n,a=l.querySelectorAll('iframe[data-secret="'+t.secret+'"]'),o=l.querySelectorAll('blockquote[data-secret="'+t.secret+'"]'),c=new RegExp("^https?:$","i"),i=0;i<o.length;i++)o[i].style.display="none";for(i=0;i<a.length;i++)s=a[i],e.source===s.contentWindow&&(s.removeAttribute("style"),"height"===t.message?(1e3<(r=parseInt(t.value,10))?r=1e3:~~r<200&&(r=200),s.height=r):"link"===t.message&&(r=new URL(s.getAttribute("src")),n=new URL(t.value),c.test(n.protocol))&&n.host===r.host&&l.activeElement===s&&(d.top.location.href=t.value))}},d.addEventListener("message",d.wp.receiveEmbedMessage,!1),l.addEventListener("DOMContentLoaded",function(){for(var e,t,s=l.querySelectorAll("iframe.wp-embedded-content"),r=0;r<s.length;r++)(t=(e=s[r]).getAttribute("data-secret"))||(t=Math.random().toString(36).substring(2,12),e.src+="#?secret="+t,e.setAttribute("data-secret",t)),e.contentWindow.postMessage({message:"ready",secret:t},"*")},!1)))}(window,document);
/* ]]> */
</script>
