{"version":"1.0","provider_name":"Lappis 25 anos","provider_url":"https:\/\/lappis.org.br\/site","author_name":"fw2","author_url":"https:\/\/lappis.org.br\/site\/author\/fw2","title":"Pesquisa Apoio prepara devolutivas de resultados - Lappis 25 anos","type":"rich","width":600,"height":338,"html":"<blockquote class=\"wp-embedded-content\" data-secret=\"MKJuux0LBH\"><a href=\"https:\/\/lappis.org.br\/site\/pesquisa-apoio-prepara-devolutivas-de-resultados\/2865\">Pesquisa Apoio prepara devolutivas de resultados<\/a><\/blockquote><iframe sandbox=\"allow-scripts\" security=\"restricted\" src=\"https:\/\/lappis.org.br\/site\/pesquisa-apoio-prepara-devolutivas-de-resultados\/2865\/embed#?secret=MKJuux0LBH\" width=\"600\" height=\"338\" title=\"&#8220;Pesquisa Apoio prepara devolutivas de resultados&#8221; &#8212; Lappis 25 anos\" data-secret=\"MKJuux0LBH\" frameborder=\"0\" marginwidth=\"0\" marginheight=\"0\" scrolling=\"no\" class=\"wp-embedded-content\"><\/iframe><script type=\"text\/javascript\">\n\/* <![CDATA[ *\/\n\/*! This file is auto-generated *\/\n!function(d,l){\"use strict\";l.querySelector&&d.addEventListener&&\"undefined\"!=typeof URL&&(d.wp=d.wp||{},d.wp.receiveEmbedMessage||(d.wp.receiveEmbedMessage=function(e){var t=e.data;if((t||t.secret||t.message||t.value)&&!\/[^a-zA-Z0-9]\/.test(t.secret)){for(var s,r,n,a=l.querySelectorAll('iframe[data-secret=\"'+t.secret+'\"]'),o=l.querySelectorAll('blockquote[data-secret=\"'+t.secret+'\"]'),c=new RegExp(\"^https?:$\",\"i\"),i=0;i<o.length;i++)o[i].style.display=\"none\";for(i=0;i<a.length;i++)s=a[i],e.source===s.contentWindow&&(s.removeAttribute(\"style\"),\"height\"===t.message?(1e3<(r=parseInt(t.value,10))?r=1e3:~~r<200&&(r=200),s.height=r):\"link\"===t.message&&(r=new URL(s.getAttribute(\"src\")),n=new URL(t.value),c.test(n.protocol))&&n.host===r.host&&l.activeElement===s&&(d.top.location.href=t.value))}},d.addEventListener(\"message\",d.wp.receiveEmbedMessage,!1),l.addEventListener(\"DOMContentLoaded\",function(){for(var e,t,s=l.querySelectorAll(\"iframe.wp-embedded-content\"),r=0;r<s.length;r++)(t=(e=s[r]).getAttribute(\"data-secret\"))||(t=Math.random().toString(36).substring(2,12),e.src+=\"#?secret=\"+t,e.setAttribute(\"data-secret\",t)),e.contentWindow.postMessage({message:\"ready\",secret:t},\"*\")},!1)))}(window,document);\n\/* ]]> *\/\n<\/script>\n","thumbnail_url":"https:\/\/lappis.org.br\/site\/wp-content\/uploads\/2014\/04\/ABERTURA.JPG","thumbnail_width":467,"thumbnail_height":350,"description":"Como a estrat\u00e9gia do Minist\u00e9rio da Sa\u00fade de trabalhar com apoiadores institucionais, em curso desde 2003, vem contribuindo para a efetiva\u00e7\u00e3o da integralidade no Sistema \u00danico de Sa\u00fade (SUS)? Quem s\u00e3o os profissionais que assumem o papel de apoiador institucional, quais s\u00e3o as suas pr\u00e1ticas de trabalho e quais os conhecimentos e saberes gerados neste contexto? Essas s\u00e3o algumas das quest\u00f5es que apesquisa \"\u00c1reas Program\u00e1ticas e direito \u00e0 sa\u00fade: constru\u00e7\u00e3o da integralidade no contexto do apoio institucional\u201d \u2013 desenvolvida pelo Lappis, em parceria com o Departamento de A\u00e7\u00f5es Program\u00e1ticas Estrat\u00e9gicas da Secretaria de Aten\u00e7\u00e3o \u00e0 Sa\u00fade do Minist\u00e9rio da Sa\u00fade \u2013 &nbsp;busca responder. &nbsp; A proposta \u00e9 conhecer as experi\u00eancias de apoio institucional no cotidiano dos servi\u00e7os de sa\u00fade do Brasil e avaliar a sua rela\u00e7\u00e3o com os princ\u00edpios e diretrizes do SUS,a garantia do direito social integral \u00e0 sa\u00fade e a democratiza\u00e7\u00e3o das rela\u00e7\u00f5es institucionais no \u00e2mbito do sistema p\u00fablico de sa\u00fade. E, tamb\u00e9m, promover uma maior transversalidade entre as \u00e1reas program\u00e1ticas e estrat\u00e9gicas do Minist\u00e9rio da Sa\u00fade, para que as ofertas \u00e0s demandas espec\u00edficas por cuidado em sa\u00fade sejam elaboradas a partir do princ\u00edpio da integralidade.Desde 2012, a iniciativa vem realizando oficinas com apoiadores institucionais em todo o pa\u00eds. Em mar\u00e7o de 2013, teve in\u00edcio a etapa de mapeamento do apoio, com o lan\u00e7amento da convocat\u00f3ria para relato de experi\u00eancias, durante o simp\u00f3sio nacional \"\u00c1reas Program\u00e1ticas, Direito \u00e0 Sa\u00fade e Apoio no SUS\u201d.Em julho, onze experi\u00eancias foram selecionadas para sistematiza\u00e7\u00e3o: A viv\u00eancia multiprofissional relacionada a um grupo de trabalho em sa\u00fade no munic\u00edpio de Santa Maria, Rio Grande do Sul; Apoio para forma\u00e7\u00e3o de redes de sa\u00fade em Palmeira das Miss\u00f5es e na 15\u00aa Coordenadoria Regional de Sa\u00fade do Rio Grande do Sul; O Apoio como estrat\u00e9gia de coletivos de trabalho; O Apoio Institucional no munic\u00edpio de Vit\u00f3ria, Esp\u00edrito Santo; Projeto Apoiadores Regionais do Cosems RJ - Apoio Institucional \u00e0s gest\u00f5es municipais de sa\u00fade do Estado do Rio de Janeiro; Entre o real e o poss\u00edvel: tecendo a RAPS que desejamos a partir da sa\u00fade mental que temos; A viv\u00eancia do Apoio Institucional na Secretaria Municipal de Sa\u00fade de Rio Branco, Acre; A dor e o prazer de coordenar um grupo de trabalho do HumanizaSUS; Programa \"acolhimento, vinculo e responsabiliza\u00e7\u00e3o\u201d; Oficinas do Hospital Giselda Trigueiro na RAPS: Apoio para cl\u00ednica ampliada em rede integrada; e Apoio em rede virtual: a RedehumanizaSUS conectando possibilidades.Visitas a campo come\u00e7aram a ser realizadas em agosto do ano passado, para conhecer de perto o cotidiano destes profissionais. Para o registro das experi\u00eancias e saberes gerados ao longo do trabalho, sobretudo durante as visitas a campo, a pesquisa conta com a plataforma EnsinaSUS, um banco de dados colaborativo que permite o compartilhamento de informa\u00e7\u00f5es entres os pesquisadores do Lappis. A partir deste material, a pesquisa visa compreender os diversos contextos e especificidades locais e regionais do territ\u00f3rio nacional; os desafios concernentes aos objetos espec\u00edficos da programa\u00e7\u00e3o e das estrat\u00e9gias das pol\u00edticas de sa\u00fade; a materializa\u00e7\u00e3o da integralidade do cuidado como condi\u00e7\u00e3o de efetiva\u00e7\u00e3o do direito humano \u00e0 sa\u00fade; e a rela\u00e7\u00e3o entre integralidade e apoio como eixo orientador das atividades e a\u00e7\u00f5es, que permite aproximar as diferentes \u00e1reas program\u00e1ticas e a gest\u00e3o das pol\u00edticas de sa\u00fade.Agora, a iniciativa entra na etapa das reuni\u00f5es devolutivas, isto \u00e9, de retorno dos resultados aos pesquisados. A primeira etapa do trabalho, que ser\u00e1 realizada de maio a agosto, contemplar\u00e1 as experi\u00eancias de Bras\u00edlia, Palmeira das Miss\u00f5es, Vit\u00f3ria, Natal e Rio de Janeiro. Os encontros ser\u00e3o registrados em video e o material ser\u00e1 apresentado no m\u00eas de outubro, durante o XIV Semin\u00e1rio Internacional do Projeto Integralidade: Saberes&nbsp; e Pr\u00e1ticas no Cotidiano das Institui\u00e7\u00f5es de Sa\u00fade, promovido pelo Lappis em parceria com o Instituto de Investigaciones Gino Germani, da Universidade de Buenos Aires.A Pesquisa ApoioDesenvolvida pelo Lappis, em parceria com o Departamento de A\u00e7\u00f5es Program\u00e1ticas Estrat\u00e9gicas da Secretaria de Aten\u00e7\u00e3o \u00e0 Sa\u00fade do Minist\u00e9rio da Sa\u00fade (DAPES\/MS), apesquisa \u201c\u00c1reas Program\u00e1ticas e direito \u00e0 sa\u00fade: constru\u00e7\u00e3o da integralidade no contexto do apoio institucional\u201d quer conhecer e mapear atividades de apoio, mobiliza\u00e7\u00e3o, articula\u00e7\u00e3o, interlocu\u00e7\u00e3o e media\u00e7\u00e3o no \u00e2mbito do Sistema \u00danico de Sa\u00fade (SUS), para tentar conhecer melhor o trabalho do apoiador no territ\u00f3rio nacional e buscar uma compreens\u00e3o dos mecanismos de inser\u00e7\u00e3o do apoio. Para a tabula\u00e7\u00e3o desses dados, a pesquisa ir\u00e1 considerar aspectos como especificidades locais e regionais, desafios da realiza\u00e7\u00e3o do trabalho, garantia do direito humano \u00e0 sa\u00fade e a rela\u00e7\u00e3o entre integralidade e apoio como eixo orientador das atividades e a\u00e7\u00f5es, aproximando as diferentes \u00e1reas program\u00e1ticas e a gest\u00e3o das pol\u00edticas de sa\u00fade.Pesquisa Apoio prepara devolutivas de resultadosComo a estrat\u00e9gia do Minist\u00e9rio da Sa\u00fade de trabalhar com apoiadores institucionais, em curso desde 2003, vem contribuindo para a efetiva\u00e7\u00e3o da integralidade no Sistema \u00danico de Sa\u00fade (SUS)? Quem s\u00e3o os profissionais que assumem o papel de apoiador institucional, quais s\u00e3o as suas pr\u00e1ticas de trabalho e quais os conhecimentos e saberes gerados neste contexto? Essas s\u00e3o algumas das quest\u00f5es que apesquisa \"\u00c1reas Program\u00e1ticas e direito \u00e0 sa\u00fade: constru\u00e7\u00e3o da integralidade no contexto do apoio institucional\u201d \u2013 desenvolvida pelo Lappis, em parceria com o Departamento de A\u00e7\u00f5es Program\u00e1ticas Estrat\u00e9gicas da Secretaria de Aten\u00e7\u00e3o \u00e0 Sa\u00fade do Minist\u00e9rio da Sa\u00fade \u2013 &nbsp;busca responder.A proposta \u00e9 conhecer as experi\u00eancias de apoio institucional no cotidiano dos servi\u00e7os de sa\u00fade do Brasil e avaliar a sua rela\u00e7\u00e3o com os princ\u00edpios e diretrizes do SUS,a garantia do direito social integral \u00e0 sa\u00fade e a democratiza\u00e7\u00e3o das rela\u00e7\u00f5es institucionais no \u00e2mbito do sistema p\u00fablico de sa\u00fade. E, tamb\u00e9m, promover uma maior transversalidade entre as \u00e1reas program\u00e1ticas e estrat\u00e9gicas do Minist\u00e9rio da Sa\u00fade, para que as ofertas \u00e0s demandas espec\u00edficas por cuidado em sa\u00fade sejam elaboradas a partir do princ\u00edpio da integralidade.Desde 2012, a iniciativa vem realizando oficinas com apoiadores institucionais em todo o pa\u00eds. Em mar\u00e7o de 2013, teve in\u00edcio a etapa de mapeamento do apoio, com o lan\u00e7amento da convocat\u00f3ria para relato de experi\u00eancias, durante o simp\u00f3sio nacional \"\u00c1reas Program\u00e1ticas, Direito \u00e0 Sa\u00fade e Apoio no SUS\u201d.Em julho, onze experi\u00eancias foram selecionadas para sistematiza\u00e7\u00e3o: A viv\u00eancia multiprofissional relacionada a um grupo de trabalho em sa\u00fade no munic\u00edpio de Santa Maria, Rio Grande do Sul; Apoio para forma\u00e7\u00e3o de redes de sa\u00fade em Palmeira das Miss\u00f5es e na 15\u00aa Coordenadoria Regional de Sa\u00fade do Rio Grande do Sul; O Apoio como estrat\u00e9gia de coletivos de trabalho; O Apoio Institucional no munic\u00edpio de Vit\u00f3ria, Esp\u00edrito Santo; Projeto Apoiadores Regionais do Cosems RJ - Apoio Institucional \u00e0s gest\u00f5es municipais de sa\u00fade do Estado do Rio de Janeiro; Entre o real e o poss\u00edvel: tecendo a RAPS que desejamos a partir da sa\u00fade mental que temos; A viv\u00eancia do Apoio Institucional na Secretaria Municipal de Sa\u00fade de Rio Branco, Acre; A dor e o prazer de coordenar um grupo de trabalho do HumanizaSUS; Programa \"acolhimento, vinculo e responsabiliza\u00e7\u00e3o\u201d; Oficinas do Hospital Giselda Trigueiro na RAPS: Apoio para cl\u00ednica ampliada em rede integrada; e Apoio em rede virtual: a RedehumanizaSUS conectando possibilidades.Visitas a campo come\u00e7aram a ser realizadas em agosto do ano passado, para conhecer de perto o cotidiano destes profissionais. Para o registro das experi\u00eancias e saberes gerados ao longo do trabalho, sobretudo durante as visitas a campo, a pesquisa conta com a plataforma EnsinaSUS, um banco de dados colaborativo que permite o compartilhamento de informa\u00e7\u00f5es entres os pesquisadores do Lappis. A partir deste material, a pesquisa visa compreender os diversos contextos e especificidades locais e regionais do territ\u00f3rio nacional; os desafios concernentes aos objetos espec\u00edficos da programa\u00e7\u00e3o e das estrat\u00e9gias das pol\u00edticas de sa\u00fade; a materializa\u00e7\u00e3o da integralidade do cuidado como condi\u00e7\u00e3o de efetiva\u00e7\u00e3o do direito humano \u00e0 sa\u00fade; e a rela\u00e7\u00e3o entre integralidade e apoio como eixo orientador das atividades e a\u00e7\u00f5es, que permite aproximar as diferentes \u00e1reas program\u00e1ticas e a gest\u00e3o das pol\u00edticas de sa\u00fade.Agora, a iniciativa entra na etapa das reuni\u00f5es devolutivas, isto \u00e9, de retorno dos resultados aos pesquisados. A primeira etapa do trabalho, que ser\u00e1 realizada de maio a agosto, contemplar\u00e1 as experi\u00eancias de Bras\u00edlia, Palmeira das Miss\u00f5es, Vit\u00f3ria, Natal e Rio de Janeiro. Os encontros ser\u00e3o registrados em video e o material ser\u00e1 apresentado no m\u00eas de outubro, durante o XIV Semin\u00e1rio Internacional do Projeto Integralidade: Saberes&nbsp; e Pr\u00e1ticas no Cotidiano das Institui\u00e7\u00f5es de Sa\u00fade, promovido pelo Lappis em parceria com o Instituto de Investigaciones Gino Germani, da Universidade de Buenos Aires.A Pesquisa ApoioDesenvolvida pelo Lappis, em parceria com o Departamento de A\u00e7\u00f5es Program\u00e1ticas Estrat\u00e9gicas da Secretaria de Aten\u00e7\u00e3o \u00e0 Sa\u00fade do Minist\u00e9rio da Sa\u00fade (DAPES\/MS), apesquisa \u201c\u00c1reas Program\u00e1ticas e direito \u00e0 sa\u00fade: constru\u00e7\u00e3o da integralidade no contexto do apoio institucional\u201d quer conhecer e mapear atividades de apoio, mobiliza\u00e7\u00e3o, articula\u00e7\u00e3o, interlocu\u00e7\u00e3o e media\u00e7\u00e3o no \u00e2mbito do Sistema \u00danico de Sa\u00fade (SUS), para tentar conhecer melhor o trabalho do apoiador no territ\u00f3rio nacional e buscar uma compreens\u00e3o dos mecanismos de inser\u00e7\u00e3o do apoio. Para a tabula\u00e7\u00e3o desses dados, a pesquisa ir\u00e1 considerar aspectos como especificidades locais e regionais, desafios da realiza\u00e7\u00e3o do trabalho, garantia do direito humano \u00e0 sa\u00fade e a rela\u00e7\u00e3o entre integralidade e apoio como eixo orientador das atividades e a\u00e7\u00f5es, aproximando as diferentes \u00e1reas program\u00e1ticas e a gest\u00e3o das pol\u00edticas de sa\u00fade."}

Como a estratégia do Ministério da Saúde de trabalhar com apoiadores institucionais, em curso desde 2003, vem contribuindo para a efetivação da integralidade no Sistema Único de Saúde (SUS)? Quem são os profissionais que assumem o papel de apoiador institucional, quais são as suas práticas de trabalho e quais os conhecimentos e saberes gerados neste contexto? Essas são algumas das questões que apesquisa "Áreas Programáticas e direito à saúde: construção da integralidade no contexto do apoio institucional” – desenvolvida pelo Lappis, em parceria com o Departamento de Ações Programáticas Estratégicas da Secretaria de Atenção à Saúde do Ministério da Saúde – &nbsp;busca responder. &nbsp; A proposta é conhecer as experiências de apoio institucional no cotidiano dos serviços de saúde do Brasil e avaliar a sua relação com os princípios e diretrizes do SUS,a garantia do direito social integral à saúde e a democratização das relações institucionais no âmbito do sistema público de saúde. E, também, promover uma maior transversalidade entre as áreas programáticas e estratégicas do Ministério da Saúde, para que as ofertas às demandas específicas por cuidado em saúde sejam elaboradas a partir do princípio da integralidade.Desde 2012, a iniciativa vem realizando oficinas com apoiadores institucionais em todo o país. Em março de 2013, teve início a etapa de mapeamento do apoio, com o lançamento da convocatória para relato de experiências, durante o simpósio nacional "Áreas Programáticas, Direito à Saúde e Apoio no SUS”.Em julho, onze experiências foram selecionadas para sistematização: A vivência multiprofissional relacionada a um grupo de trabalho em saúde no município de Santa Maria, Rio Grande do Sul; Apoio para formação de redes de saúde em Palmeira das Missões e na 15ª Coordenadoria Regional de Saúde do Rio Grande do Sul; O Apoio como estratégia de coletivos de trabalho; O Apoio Institucional no município de Vitória, Espírito Santo; Projeto Apoiadores Regionais do Cosems RJ - Apoio Institucional às gestões municipais de saúde do Estado do Rio de Janeiro; Entre o real e o possível: tecendo a RAPS que desejamos a partir da saúde mental que temos; A vivência do Apoio Institucional na Secretaria Municipal de Saúde de Rio Branco, Acre; A dor e o prazer de coordenar um grupo de trabalho do HumanizaSUS; Programa "acolhimento, vinculo e responsabilização”; Oficinas do Hospital Giselda Trigueiro na RAPS: Apoio para clínica ampliada em rede integrada; e Apoio em rede virtual: a RedehumanizaSUS conectando possibilidades.Visitas a campo começaram a ser realizadas em agosto do ano passado, para conhecer de perto o cotidiano destes profissionais. Para o registro das experiências e saberes gerados ao longo do trabalho, sobretudo durante as visitas a campo, a pesquisa conta com a plataforma EnsinaSUS, um banco de dados colaborativo que permite o compartilhamento de informações entres os pesquisadores do Lappis. A partir deste material, a pesquisa visa compreender os diversos contextos e especificidades locais e regionais do território nacional; os desafios concernentes aos objetos específicos da programação e das estratégias das políticas de saúde; a materialização da integralidade do cuidado como condição de efetivação do direito humano à saúde; e a relação entre integralidade e apoio como eixo orientador das atividades e ações, que permite aproximar as diferentes áreas programáticas e a gestão das políticas de saúde.Agora, a iniciativa entra na etapa das reuniões devolutivas, isto é, de retorno dos resultados aos pesquisados. A primeira etapa do trabalho, que será realizada de maio a agosto, contemplará as experiências de Brasília, Palmeira das Missões, Vitória, Natal e Rio de Janeiro. Os encontros serão registrados em video e o material será apresentado no mês de outubro, durante o XIV Seminário Internacional do Projeto Integralidade: Saberes&nbsp; e Práticas no Cotidiano das Instituições de Saúde, promovido pelo Lappis em parceria com o Instituto de Investigaciones Gino Germani, da Universidade de Buenos Aires.A Pesquisa ApoioDesenvolvida pelo Lappis, em parceria com o Departamento de Ações Programáticas Estratégicas da Secretaria de Atenção à Saúde do Ministério da Saúde (DAPES/MS), apesquisa “Áreas Programáticas e direito à saúde: construção da integralidade no contexto do apoio institucional” quer conhecer e mapear atividades de apoio, mobilização, articulação, interlocução e mediação no âmbito do Sistema Único de Saúde (SUS), para tentar conhecer melhor o trabalho do apoiador no território nacional e buscar uma compreensão dos mecanismos de inserção do apoio. Para a tabulação desses dados, a pesquisa irá considerar aspectos como especificidades locais e regionais, desafios da realização do trabalho, garantia do direito humano à saúde e a relação entre integralidade e apoio como eixo orientador das atividades e ações, aproximando as diferentes áreas programáticas e a gestão das políticas de saúde.Pesquisa Apoio prepara devolutivas de resultadosComo a estratégia do Ministério da Saúde de trabalhar com apoiadores institucionais, em curso desde 2003, vem contribuindo para a efetivação da integralidade no Sistema Único de Saúde (SUS)? Quem são os profissionais que assumem o papel de apoiador institucional, quais são as suas práticas de trabalho e quais os conhecimentos e saberes gerados neste contexto? Essas são algumas das questões que apesquisa "Áreas Programáticas e direito à saúde: construção da integralidade no contexto do apoio institucional” – desenvolvida pelo Lappis, em parceria com o Departamento de Ações Programáticas Estratégicas da Secretaria de Atenção à Saúde do Ministério da Saúde – &nbsp;busca responder.A proposta é conhecer as experiências de apoio institucional no cotidiano dos serviços de saúde do Brasil e avaliar a sua relação com os princípios e diretrizes do SUS,a garantia do direito social integral à saúde e a democratização das relações institucionais no âmbito do sistema público de saúde. E, também, promover uma maior transversalidade entre as áreas programáticas e estratégicas do Ministério da Saúde, para que as ofertas às demandas específicas por cuidado em saúde sejam elaboradas a partir do princípio da integralidade.Desde 2012, a iniciativa vem realizando oficinas com apoiadores institucionais em todo o país. Em março de 2013, teve início a etapa de mapeamento do apoio, com o lançamento da convocatória para relato de experiências, durante o simpósio nacional "Áreas Programáticas, Direito à Saúde e Apoio no SUS”.Em julho, onze experiências foram selecionadas para sistematização: A vivência multiprofissional relacionada a um grupo de trabalho em saúde no município de Santa Maria, Rio Grande do Sul; Apoio para formação de redes de saúde em Palmeira das Missões e na 15ª Coordenadoria Regional de Saúde do Rio Grande do Sul; O Apoio como estratégia de coletivos de trabalho; O Apoio Institucional no município de Vitória, Espírito Santo; Projeto Apoiadores Regionais do Cosems RJ - Apoio Institucional às gestões municipais de saúde do Estado do Rio de Janeiro; Entre o real e o possível: tecendo a RAPS que desejamos a partir da saúde mental que temos; A vivência do Apoio Institucional na Secretaria Municipal de Saúde de Rio Branco, Acre; A dor e o prazer de coordenar um grupo de trabalho do HumanizaSUS; Programa "acolhimento, vinculo e responsabilização”; Oficinas do Hospital Giselda Trigueiro na RAPS: Apoio para clínica ampliada em rede integrada; e Apoio em rede virtual: a RedehumanizaSUS conectando possibilidades.Visitas a campo começaram a ser realizadas em agosto do ano passado, para conhecer de perto o cotidiano destes profissionais. Para o registro das experiências e saberes gerados ao longo do trabalho, sobretudo durante as visitas a campo, a pesquisa conta com a plataforma EnsinaSUS, um banco de dados colaborativo que permite o compartilhamento de informações entres os pesquisadores do Lappis. A partir deste material, a pesquisa visa compreender os diversos contextos e especificidades locais e regionais do território nacional; os desafios concernentes aos objetos específicos da programação e das estratégias das políticas de saúde; a materialização da integralidade do cuidado como condição de efetivação do direito humano à saúde; e a relação entre integralidade e apoio como eixo orientador das atividades e ações, que permite aproximar as diferentes áreas programáticas e a gestão das políticas de saúde.Agora, a iniciativa entra na etapa das reuniões devolutivas, isto é, de retorno dos resultados aos pesquisados. A primeira etapa do trabalho, que será realizada de maio a agosto, contemplará as experiências de Brasília, Palmeira das Missões, Vitória, Natal e Rio de Janeiro. Os encontros serão registrados em video e o material será apresentado no mês de outubro, durante o XIV Seminário Internacional do Projeto Integralidade: Saberes&nbsp; e Práticas no Cotidiano das Instituições de Saúde, promovido pelo Lappis em parceria com o Instituto de Investigaciones Gino Germani, da Universidade de Buenos Aires.A Pesquisa ApoioDesenvolvida pelo Lappis, em parceria com o Departamento de Ações Programáticas Estratégicas da Secretaria de Atenção à Saúde do Ministério da Saúde (DAPES/MS), apesquisa “Áreas Programáticas e direito à saúde: construção da integralidade no contexto do apoio institucional” quer conhecer e mapear atividades de apoio, mobilização, articulação, interlocução e mediação no âmbito do Sistema Único de Saúde (SUS), para tentar conhecer melhor o trabalho do apoiador no território nacional e buscar uma compreensão dos mecanismos de inserção do apoio. Para a tabulação desses dados, a pesquisa irá considerar aspectos como especificidades locais e regionais, desafios da realização do trabalho, garantia do direito humano à saúde e a relação entre integralidade e apoio como eixo orientador das atividades e ações, aproximando as diferentes áreas programáticas e a gestão das políticas de saúde.
